ose -3*r + 328 = 2*j - a, -2*j = -3*r - 1211. What is the units digit of j?
4
Let n = -2555 - -4381. Suppose -4*j - n = -194. Let a = -273 - j. What is the tens digit of a?
3
Let l(z) = -z**3 - 6*z**2 + 8*z - 19. Let u be -3*5/(-45) - (-47)/3. Suppose -19*c - 27 = -u*c. What is the units digit of l(c)?
2
Suppose 665 = 89*k - 88*k. Let c = k - 283. What is the units digit of c?
2
Let v(j) = 23*j**2 - 4. Let r = -130 + 128. Let f be v(r). Suppose 0 = -93*i + f*i + 215. What is the tens digit of i?
4
Let y = 1785 - -4167. Suppose y = 154*q - 138*q. What is the units digit of q?
2
Suppose -6*a = a - 350. Suppose -a = -s - 5*g - 14, 42 = s + 2*g. Suppose 49*l - s*l = 111. What is the units digit of l?
7
Let x(m) = -m**3 - 5*m**2 - 8*m + 2. Let g = 44 - 41. Suppose 6 = -g*r - 12. What is the units digit of x(r)?
6
Let a(y) = -25*y + 99. Let v(n) = 29*n - 100. Let i(l) = 6*a(l) + 5*v(l). What is the hundreds digit of i(-4)?
1
Let s = 130 + -133. What is the hundreds digit of (647/s)/(-2 + 30/18)?
6
Let l be (5/(-2))/(34/(-136)). What is the units digit of (l/(-4) - -2)/(2/(-2240))?
0
Let o(k) = 41955*k**2 + 3*k - 2. What is the tens digit of o(1)?
5
What is the tens digit of (-415684)/(-12) - (1 + 2/(-3))?
4
Suppose -4*k = -5*c + 1459 - 15406, -c + 3489 = k. What is the hundreds digit of k?
4
Suppose 0 = 21*i - 4*i - 102. What is the tens digit of (-59 + 1)*(0 + (-57)/i)?
5
Let k(x) = -x**2 - 13*x + 48. Let g be k(-16). Suppose -32*l + 34*l + 756 = g. Let h = -181 - l. What is the tens digit of h?
9
Let v be 10 + (-81)/6 - (-6)/(-4). What is the hundreds digit of 1/(-3)*(8 + v + -4194)?
3
Suppose 0*p + 141165 = 5*p + 5*w, -3*p + w = -84727. What is the hundreds digit of p?
2
Suppose 174383*p = 174393*p - 448420. What is the units digit of p?
2
Let a = 9 - 15. Suppose 0 = -2*p + f - 8, -35 = -4*p - f - 51. What is the units digit of ((-2)/a)/((p/426)/(-2))?
1
Suppose -2*o - 3*w - 906 = w, 3*w = 5*o + 2291. Let t = o + 1070. Suppose -4*h + t = -3*a + 228, 287 = 3*h - 4*a. What is the units digit of h?
7
Suppose -20*c + 108 = -367 - 2905. What is the units digit of c?
9
Let a(s) = -141*s + 9. Let t(w) = -5*w. Let i(z) = a(z) + 4*t(z). What is the units digit of i(-4)?
3
Suppose -10*p + 9*p + 35981 = 5*x, -3*x - 2*p = -21597. What is the hundreds digit of x?
1
Suppose -2*t = 4*q - 71080, -6*t - 7*t - 52 = 0. What is the ten thousands digit of q?
1
Suppose 3*n + m - 10481 = 0, -5*n + 2*m = -5040 - 12454. What is the tens digit of n?
9
Suppose -5 + 21 = 4*r. Let n(u) = u**3 + 4*u**2 - u - 4. Let p be n(r). What is the units digit of p/((-3)/4*-2)?
0
What is the thousands digit of 7*1188 - (13 + -28)?
8
Let s be 3 + (-18)/4 + (-2)/4. Let w(u) = 45*u**2 - 5*u - 9. What is the hundreds digit of w(s)?
1
Let o be 2 - 2*141/(-6). Let m = o - 56. What is the tens digit of ((-2)/m)/1 + (-4314)/(-42)?
0
Let k be 4/(-5 + 3 + 4). Suppose 1 = q - 3*u, 4*q - 2*u = k*u + 12. Suppose -3*s = -s - n - 26, -3*s + q*n + 29 = 0. What is the units digit of s?
5
Let x = 223 + -251. What is the units digit of (-300)/(2 + x/8)?
0
Suppose -85*b - 20*b + 19*b = -540338. What is the thousands digit of b?
6
Let d = 305 - 301. Let v(z) = -z**3 - z**2 + 2. Let c be v(0). Suppose -c*p = 0, -h + d*p + 42 = -56. What is the units digit of h?
8
Suppose 5*n - q = -10, -9*n = -6*n + 5*q + 6. What is the tens digit of (1 + 130)/(n/4 + 1)?
6
Let h(j) = 51*j**2. Let d be h(-2). Suppose -3*p = -p - d. What is the units digit of p/18*(-2 + 53)?
9
Let g = 22468 + -1419. What is the tens digit of g?
4
Suppose 255479 = 39*a - 13465. What is the tens digit of a?
9
Let g(w) = -200*w + 143. What is the units digit of g(-13)?
3
Suppose i = 4*x - 493200 + 139454, -4*i - 24 = 0. What is the tens digit of x?
3
Let y(a) = 40*a**2 - 67*a - 51. What is the units digit of y(-22)?
3
Let b(f) = 2*f**2 - 11*f - 77. Let p be b(-28). Suppose 2*h + 5*x - p = 0, -3*h + 2673 = 3*x - 4*x. What is the tens digit of h?
9
Let q = -5352 - -22334. What is the units digit of q?
2
Let n(c) = -59*c + 20. Let x be n(-12). Suppose -f + 350 = -r - 20, 2*f - x = -r. What is the hundreds digit of f?
3
Suppose 3*s + 0*x - 20 = -5*x, -3*s - x = -4. Suppose s = 91*u - 96*u + 2240. What is the units digit of u?
8
Suppose 0 = 9*o - 6*o - 9. What is the hundreds digit of 1 + 212 + (o - 3) - -2?
2
Let b(c) = -283*c + 71. Let r be b(-2). Let j = r + 525. What is the thousands digit of j?
1
Suppose -722*i + 1764 = -718*i. Let l = i + 254. What is the tens digit of l?
9
Let s(z) = -z + 10. Let w be s(5). Let h be 4/(-2 + -2)*-103. Suppose h = 3*r + o, -w*r + 165 = -2*o + 7*o. What is the units digit of r?
5
Let n be (-13)/(-1) - (-65)/(-13). Suppose 9*r = -2*b + n*r + 1395, -2*r - 3510 = -5*b. What is the hundreds digit of b?
7
Let h = 7 - 5. Suppose 541 = 2*p - v, -4*v = -612*p + 616*p - 1088. Suppose -73 - p = -h*b. What is the units digit of b?
2
What is the hundreds digit of 6/(-9)*10125/(-18)?
3
Let z = 106 + -149. Let d = 200 - z. What is the units digit of d?
3
Suppose -v - h = -7, 2*v - 3*v + 13 = 4*h. Suppose 4*u + 4*q = 284, 12 - 166 = -2*u - v*q. Let s = u + -9. What is the units digit of s?
8
Let x be (8/(-10))/(40/(-300)). What is the hundreds digit of (-6)/(210/(-15415)) - x/14?
4
What is the thousands digit of 59794/(-21)*(-72)/48?
4
Let k(t) be the second derivative of -t**6/120 + t**5/40 + 3*t**4/4 + 20*t. Let c(i) be the third derivative of k(i). What is the tens digit of c(-7)?
4
Let o be ((-8)/(-14))/((-2)/(-7)). Let p(f) = -19 - 6*f + 3 + o*f**2 + 3. What is the hundreds digit of p(10)?
1
Let z(c) = 7*c**2 + 40*c + 603. What is the hundreds digit of z(-22)?
1
Suppose 0 = -2*a - 4*p - 8, 0 = -4*a + 3*p + 19 - 2. Suppose 3*j - 1488 = -2*s, -a*j + 5*s + 1488 = j. What is the tens digit of j?
9
Let t(o) = -o**2 - 13*o + 1. Suppose -5*m - 47 = -3*w, 0*w = 4*m - 4*w + 44. Let a be t(m). Suppose -a = -c + 44. What is the tens digit of c?
8
Let o(x) = -348*x - 1242. What is the thousands digit of o(-28)?
8
Let v(b) = 57*b - 29. Let r = 190 + -184. What is the tens digit of v(r)?
1
Suppose 4*v = -c + 29369 + 38675, 5*v - 12*c - 85108 = 0. What is the tens digit of v?
1
Let t = 58 + -49. Let r be (-1)/(-3) - (-1023)/t. Let y = 173 - r. What is the tens digit of y?
5
Let t = 4578 + -2382. Suppose p + 3*z = 3 - 2, 0 = 5*z - 5. What is the hundreds digit of ((-1)/p)/(9/t)?
1
Suppose -6 = 41*t - 88. Suppose -c + 142 = c - 3*y, t*c + 4*y - 156 = 0. What is the tens digit of c?
7
Let k(i) = -7*i - 12. Let b be k(-2). Suppose -3*t - 3*v + 12 - 3 = 0, -v = b. Suppose 268 = 2*o - 2*a, -162 = -4*o - t*a + 338. What is the units digit of o?
0
Let k = 9990 - 1826. What is the units digit of k?
4
Let g(t) be the second derivative of -7*t**3/2 + 9*t**2/2 + 35*t. What is the units digit of g(-13)?
2
Let w(y) = 4792*y - 8. Let k be w(1). Suppose -1424 = 48*t - k. What is the tens digit of t?
7
Let v = 345 - 48. Suppose 5*a - 470 = 3*d - 8*d, -3*a = -2*d - v. What is the tens digit of a?
9
Suppose 20 = -11*d + 64. Suppose -5*l + 10494 - 3805 = 3*o, -4*o - 5364 = -d*l. What is the hundreds digit of l?
3
Suppose -3*k + 5*j + 1878 = 0, 5*j = k - 0*j - 636. Suppose -3*c + k = 2*q, 2*q + 58 - 676 = -2*c. What is the tens digit of q?
0
Let k = -45 - -47. Suppose -7 = -3*q + 4*g - 18, -q - k*g = -3. Let y(u) = 292*u**2 + 2*u + 2. What is the units digit of y(q)?
2
Let s(j) = 316*j**2 - 178*j - 902. What is the units digit of s(-5)?
8
Let u = -355 + 222. What is the tens digit of 89/(u/35 + 4)?
4
What is the tens digit of 3320/2324 - (-296150)/14?
5
Suppose 5*p - b = -76, 0 = -5*p + 3*b - 28 - 40. Let s(i) be the first derivative of -9*i**2/2 + 27*i - 204. What is the units digit of s(p)?
1
Let t(d) = d**2 + 9*d + 24. Let i be t(-6). Suppose 0 = i*s - 2320 - 6086. What is the thousands digit of s?
1
Let m(g) = -g**2 + 3*g + 10. Suppose -4*d + 16 - 4 = 0. Let o be m(d). Suppose 0 = -o*u + 3*u + 287. What is the tens digit of u?
4
What is the hundreds digit of 21/(126/(-816))*-4?
5
Let k(r) = 9*r**2 + 6*r - 10. Let c be k(2). Let y = c - 3. Let h = 82 - y. What is the tens digit of h?
4
Suppose -o + 0*a = 5*a - 13965, 3*a = 3*o - 41967. What is the hundreds digit of o?
9
Let a be ((-50)/(-20) - 4)*10/(-3). Suppose a*v = 3*r - 0*v - 1088, 2*r + 5*v = 76